466401 (base 9) in base 2?
-1111010000101001011100
10000212220 (base 3) to base 16
e92e
What is -74327 (base 9) in base 7?
-263116
What is a407a (base 15) in base 5?
113113430
What is 2244e (base 15) in base 5?
11441344
What is -820a9 (base 16) in base 4?
-2002002221
What is -8fe0 (base 16) in base 6?
-442304
What is 310a2 (base 11) in base 5?
2422431
Convert -121210002201012 (base 3) to base 5.
-4240342000
What is -1ee1ac (base 15) in base 16?
-1720f2
Convert -202123023 (base 4) to base 10.
-141003
3010425 (base 7) to base 6
11342043
-25127b (base 14) to base 3
-2101120110002
Convert 1d778 (base 16) to base 5.
12330241
Convert -61631 (base 7) to base 4.
-3223121
211021201210 (base 3) to base 2
1101011000110000111
What is -3210129 (base 11) in base 8?
-25436172
22221111111 (base 3) to base 16
2afb5
Convert -1415213 (base 8) to base 9.
-668636
Convert -140252545 (base 6) to base 10.
-2822033
Convert 75a7a (base 15) to base 12.
160267
-f8ddf (base 16) to base 3
-1220210022001
What is 2de911 (base 15) in base 11?
1290608
Convert -173860 (base 15) to base 16.
-112d85
What is 2100222020100 (base 3) in base 2?
100110011011010010010
Convert 10330210312 (base 4) to base 5.
312443234
What is 11324214 (base 6) in base 13?
c4b61
-2807 (base 15) to base 5
-233212
Convert 711a6b (base 13) to base 7.
31240161
Convert -15440243 (base 7) to base 5.
-340114444
Convert -6c2886 (base 15) to base 3.
-100201210020100
What is -441023120 (base 5) in base 7?
-22040603
What is -35411677 (base 8) in base 3?
-112120010221211
Convert 81ac41 (base 13) to base 15.
3eaa56
Convert -106040024 (base 7) to base 3.
-110012020022202
-100742 (base 11) to base 12
-79874
Convert 3331201221 (base 4) to base 3.
1221202110210
What is 54035646 (base 7) in base 10?
4597557
What is 1211325 (base 7) in base 4?
211220331
74d9d (base 15) to base 4
1122210010
Convert 2a9796 (base 12) to base 2.
10110000001100100010
What is 1122035 (base 7) in base 10?
139970
-2ad9a (base 14) to base 9
-172640
What is 142551 (base 9) in base 3?
11102121201
Convert -6872a (base 14) to base 2.
-111101111110100010
Convert -279aa9 (base 12) to base 9.
-1215233
-3276 (base 9) to base 3
-10022120
-10221122201 (base 3) to base 10
-77752
What is -333131023 (base 5) in base 11?
-906684
-3141661 (base 7) to base 3
-201022022111
20429 (base 14) to base 9
127461
-4a790e (base 15) to base 12
-1241772
13230051 (base 7) to base 5
302423333
What is -1183492 (base 10) in base 7?
-13026262
What is -5234253 (base 7) in base 13?
-191025
Convert -1220134 (base 5) to base 4.
-11222001
What is -18b94 (base 14) in base 4?
-33102332
303404311 (base 5) to base 2
100101100101111010111
What is 11221202110 (base 3) in base 7?
554166
502515424 (base 6) to base 8
40431510
a2510 (base 12) to base 10
211548
What is -3014203001 (base 5) in base 7?
-102025013
What is 1888748 (base 9) in base 4?
10003131230
What is 25180 (base 9) in base 12?
9960
-45ae60 (base 15) to base 3
-20021001122000
What is 5228a (base 14) in base 5?
22314312
What is 4bb2a (base 15) in base 16?
3b1dc
-10728 (base 15) to base 14
-15074
76140b (base 12) to base 3
10111221011202
233302132 (base 4) to base 10
195742
111100011011100110010111 (base 2) to base 11
8a40104
-11110000011000000 (base 2) to base 3
-20020211020
What is -468a07 (base 11) in base 2?
-10110101100111101011
424400142 (base 5) to base 14
349a05
Convert -6657068 (base 9) to base 13.
-984ba8
Convert 2315361 (base 7) to base 12.
11ba09
Convert -65c1bc (base 16) to base 3.
-110112210210002
-999 (base 11) to base 3
-1122100
14468 (base 9) to base 14
3847
Convert -72650 (base 8) to base 13.
-1092c
Convert -213701 (base 8) to base 4.
-101133001
What is -11000010001111110100101 (base 2) in base 8?
-30217645
Convert 3341553 (base 11) to base 6.
325322110
Convert 1010001011001011010000 (base 2) to base 10.
2667216
-2a7420 (base 14) to base 7
-15402240
-213cb7 (base 13) to base 4
-2332122030
What is -104574a (base 14) in base 15?
-a20edd
303200230133 (base 4) to base 12
463247b
Convert 10156154 (base 8) to base 7.
24206442
626378 (base 9) to base 12
15b408
237116 (base 9) to base 8
427204
What is -7084 (base 16) in base 5?
-1410204
What is 475561 (base 9) in base 6?
10045044
What is b156 (base 15) in base 5?
2144211
Convert 14118833 (base 9) to base 7.
113223225
-1226265 (base 7) to base 15
-31d63
Convert 102254456 (base 7) to base 12.
203773b
What is 4410263 (base 7) in base 12?
220868
Convert 1731848 (base 9) to base 3.
1211001221122
Convert 10111201000 (base 3) to base 5.
4202124
Convert -25203002 (base 9) to base 8.
-57054206
-11090 (base 16) to base 2
-10001000010010000
-1221552420 (base 6) to base 15
-1384989
418416 (base 9) to base 11
160029
Convert 1011101101101101 (base 2) to base 11.
3305a
10101000010000 (base 2) to base 14
3cd2
What is -d1ca7 (base 14) in base 6?
-14452203
Convert -2212202101 (base 4) to base 12.
-28a901
-100000001000110001111 (base 2) to base 10
-1053071
-1b8935 (base 12) to base 2
-1111000001000111001
-199306 (base 10) to base 15
-3e0c1
559239 (base 16) to base 10
5607993
What is -22522 (base 15) in base 14?
-2bacd
101101100001000010100 (base 2) to base 7
15451220
What is -1531205 (base 7) in base 11?
-133303
Convert -233341 (base 7) to base 5.
-2321042
Convert 10110010000001100 (base 2) to base 12.
448b8
Convert 1121 (base 16) to base 14.
1853
39654 (base 16) to base 2
111001011001010100
1930855 (base 10) to base 3
10122002122011
-27375 (base 15) to base 2
-11110101011011100
-24246 (base 14) to base 16
-158c6
What is 10402404022 (base 5) in base 10?
11372387
Convert -4431112 (base 7) to base 12.
-223784
-10343552 (base 7) to base 4
-3120002033
21058a2 (base 12) to base 5
3043340324
What is -1010203023031 (base 4) in base 10?
-17969869
What is ac920c (base 14) in base 3?
102000221100111
What is 11444403 (base 5) in base 3?
12120000010
What is 1437677 (base 8) in base 15?
81525
Convert -5140171 (base 8) to base 10.
-1359993
Convert 1212020331 (base 4) to base 13.
11856c
Convert 1670771 (base 10) to base 15.
23009b
Convert 3532336 (base 7) to base 4.
1230221311
What is -98572b (base 12) in base 3?
-11112200211122
What is -201011122111021 (base 3) in base 7?
-152414065
Convert -5224616 (base 7) to base 8.
-2313164
-1202121111000 (base 3) to base 2
-11100100110010011100
What is 544512030 (base 6) in base 10?
9745074
756116 (base 10) to base 13
20620a
Convert -723984 (base 13) to base 5.
-1140230033
Convert 1000010110100110111 (base 2) to base 14.
71a75
c995 (base 15) to base 13
1655c
Convert 678257 (base 10) to base 2.
10100101100101110001
-102211443 (base 5) to base 3
-210210110211
Convert -41dca (base 15) to base 4.
-303001132
-2000101000221 (base 3) to base 10
-1070197
Convert -321102321 (base 4) to base 7.
-1665126
Convert 10111001000100101001 (base 2) to base 12.
306835
Convert 42321 (base 6) to base 16.
1669
What is 3884520 (base 10) in base 7?
45006063
414304042 (base 5) to base 6
100414354
Convert -10122121021 (base 3) to base 10.
-71881
Convert -bb4a6 (base 12) to base 6.
-5151130
What is 121020202211 (base 3) in base 16?
4e178
507161 (base 15) to base 16
3a4d10
Convert 3a448 (base 13) to base 14.
2b701
Convert -22343 (base 5) to base 12.
-b12
What is 8b0198 (base 13) in base 14?
617133
Convert -1102102110022 (base 3) to base 9.
-1372408
10031 (base 14) to base 8
113073
What is 11010111101100 (base 2) in base 6?
143524
What is -2204103 (base 6) in base 15?
-227cc
Convert a0215 (base 12) to base 14.
55973
Convert 44434541 (base 6) to base 9.
2465417
-805271 (base 10) to base 4
-3010212113
Convert 31dac (base 14) to base 7.
1011605
393334 (base 12) to base 13
26b3b7
3042310303 (base 5) to base 12
20b772b
Convert 1c86a (base 14) to base 3.
10201010221
24324406 (base 9) to base 7
203010531
Convert 653408 (base 11) to base 2.
11111110111000011100
What is 2331110003 (base 4) in base 9?
1411615
104125 (base 6) to base 15
2898
-67631a (base 13) to base 6
-124154433
Convert 1100101011111111000010 (base 2) to base 3.
20020222021010
Convert 101101000111011001 (base 2) to base 9.
311435
Convert 411b (base 12) to base 7.
26432
Convert -64750566 (base 8) to base 3.
-222010021010201
What is 526759 (base 11) in base 12?
348122
-426727 (base 8) to base 9
-236804
What is 2110212222121 (base 3) in 